. Calculate the remainder when 15 is divided by c.
7
Suppose 5*j - 46 = 3*u, -3*j + 4*u + 30 = u. Calculate the remainder when 175 is divided by j.
7
Suppose 84 = 4*m - 0*i + i, -i - 16 = -m. What is the remainder when m is divided by 6?
2
Calculate the remainder when 15 + -1*3 + (-33)/(-11) is divided by 8.
7
Let l(i) = i**2 + i - 2. Let m(q) be the third derivative of -q**5/60 - 11*q**4/24 + 7*q**3/6 - q**2. What is the remainder when m(-7) is divided by l(-5)?
17
Suppose -3*u = -15, -u + 6*u = 2*t + 39. Let f(n) = -n**3 - 6*n**2 + 8*n + 8. Calculate the remainder when f(t) is divided by 1.
0
Let c be (3 + -3)*2/4. Suppose c*v = -2*v - 420. What is the remainder when 20 is divided by (-2)/3 + v/(-18)?
9
Suppose l - 72 = -3*d + 2*l, 3*d - 87 = -4*l. What is the remainder when d is divided by 9?
7
Let u = 21 - 11. Calculate the remainder when 3/(2 + (-34)/18) is divided by u.
7
Suppose 93 = 5*t - 2*l, -2*l = 5*t - 3*t - 26. Let a = 108 + -43. What is the remainder when a is divided by t?
14
Suppose 0 = -7*p + 32 + 73. Calculate the remainder when 57 is divided by p.
12
Let b = 5 + 14. Let x = -35 + -143. Calculate the remainder when (-2)/(-5) + x/(-5) is divided by b.
17
Let i(h) be the second derivative of h**7/420 + h**4/6 - 3*h. Let x(q) be the third derivative of i(q). Calculate the remainder when x(-1) is divided by 4.
2
Let y(t) = t**2 - 3*t + 7. Let j(g) = 8*g**3 + g**2 + 4*g - 4. What is the remainder when y(6) is divided by j(1)?
7
Let x(u) = u - 3. Let k be x(5). What is the remainder when (-1)/(-2) + (-4851)/(-98) is divided by 4/6*39/k?
11
What is the remainder when (-80)/25*(0 + -17 + -3) is divided by 18?
10
What is the remainder when 39 is divided by 1/(-11)*-156 + (-14)/77?
11
Calculate the remainder when (-278)/(-7) - 6/(-21) is divided by 14.
12
Let b(y) = y**2 + 25. Let j be (0 + 1)/(3/(-9)). Let p = j - -3. Calculate the remainder when b(p) is divided by 13.
12
Suppose 5 = 4*r - 2*z + 3, 15 = -5*r - z. Let c be (8 + r)/(-1*2). What is the remainder when 2*c/(-2) + 48 is divided by 13?
12
Calculate the remainder when 73 is divided by 60/105 - 202/(-14).
13
What is the remainder when (-16 - -9)/((-1)/5) is divided by 12?
11
Let q = -16 - -29. Calculate the remainder when 37 is divided by q.
11
Let d = -16 - -50. Calculate the remainder when 99 is divided by d.
31
Suppose 5*v + 0*v = 85. Suppose -3*z + 4*h + v = -6, 0 = 5*z - h - 61. Calculate the remainder when 24 is divided by z.
11
Suppose 3*i + 10 = i. Calculate the remainder when 1 - i*(-2 + 12) is divided by 13.
12
Let b be 33 + (-3 - -1) + 3. Suppose -5*i = -356 - b. Suppose -2*h = -3*f + 97, 2*f - 4*h - i = -0*f. Calculate the remainder when f is divided by 10.
9
Let l be (-6)/(-8) - 6/8. Suppose -h + 2 = -l. Suppose h*d = -3*g + 101, -2*g + 6 = -4*g. What is the remainder when d is divided by 19?
17
Suppose 0*v + 5*v = 40. Calculate the remainder when 13 is divided by v.
5
Let u = -1 + 4. Suppose 0 = t - 5*b - 27, b = -t - b - 8. Suppose 0 = u*p + t*p - 190. Calculate the remainder when p is divided by 13.
12
Suppose -292 = -12*g + 8. Calculate the remainder when 94 is divided by g.
19
Let n be (10/4)/((-2)/(-20)). Suppose -q + n = 4*q. Calculate the remainder when q is divided by 3.
2
Suppose 36 = 4*l - 2*f, -1 = -l + 2*f + 8. Suppose -4*u + 125 = u. Calculate the remainder when u is divided by l.
7
Suppose -10*t = -24*t + 84. What is the remainder when t is divided by 2?
0
Let z = 35 + 41. Let m(o) = 3*o + 4. Let x be m(7). Calculate the remainder when z is divided by 2/2 + 1*x.
24
Let b be 10/(-4)*(5 + 39). What is the remainder when 35 is divided by b/(-6) + 4/(-12)?
17
Let r be 56/(-6) - (-3)/9. What is the remainder when (-3)/(-9) - 456/r is divided by 18?
15
Let n = 24 + -5. Let a(l) = -l**3 - 10*l**2 - 6*l + 37. What is the remainder when n is divided by a(-9)?
9
Let i(a) be the second derivative of 7*a**4/12 - a**3 + 6*a. Calculate the remainder when i(4) is divided by 15.
13
Let x(j) = -j + 20. What is the remainder when 22 is divided by x(14)?
4
Let y(c) = c**3 + 2*c**2 + 3*c. Let a be y(-2). Calculate the remainder when (-152)/a + 4/(-12) is divided by 13.
12
Let y = -2 + 6. Calculate the remainder when y is divided by 3.
1
Suppose 0 = 7*j - 167 - 22. Calculate the remainder when 75 is divided by j.
21
Suppose 4 = -2*l, -h = -8*l + 5*l - 48. What is the remainder when 166 is divided by h?
40
What is the remainder when (266/21)/(2/3) is divided by 4?
3
Let k be 4/6*(-540)/(-12). Suppose -l = -k - 45. What is the remainder when l is divided by 26?
23
Suppose -m - w = 2*w - 17, 5*m = -4*w + 74. What is the remainder when 52 is divided by m?
10
Suppose -5*s = z - 0 + 3, -5*s = 3*z - 1. Suppose z*q - 8 = 34. Calculate the remainder when 36 + 3 + 3 + -2 is divided by q.
19
Let t(q) = -q. Suppose 6*x = 38 + 4. What is the remainder when x is divided by t(-4)?
3
What is the remainder when -1*3*3*-2 is divided by 5?
3
Suppose -4*n = 36 - 104. What is the remainder when 33 is divided by n?
16
Let n(r) = r**2 - 20. Calculate the remainder when 56 is divided by n(-7).
27
Let r = -29 + 35. Calculate the remainder when 17 is divided by r.
5
Let i = -18 + 24. Calculate the remainder when i is divided by 4.
2
Suppose 0 = -0*w + 3*w - 12. Suppose 2*p + 0*p - 12 = 0. Calculate the remainder when p is divided by w.
2
What is the remainder when 954/27 + 1 + 8/(-6) is divided by 8?
3
Suppose 2*y + c - 216 + 2 = 0, 5*y - 2*c - 535 = 0. What is the remainder when y is divided by 27?
26
Let o be 5/2*156/15. Suppose j + 2*b = 4, -14 = -3*j + b + o. Suppose -4*k - n + 42 = n, 0 = 4*n - j. Calculate the remainder when 17 is divided by k.
8
Suppose 2*s + 134 = 4*s. What is the remainder when s is divided by 17?
16
What is the remainder when 6 is divided by 9/(-2)*(-60)/45?
0
Suppose -2*x + 10 = -5*r - 3, 5*r = -4*x + 11. Suppose 0 = a - o - 4*o - 3, -x*a + 4*o = -28. What is the remainder when 540/25 + (-2)/(-5) is divided by a?
6
Suppose 102 = 2*t - t + 4*k, t = k + 77. Suppose 676 = 4*x + 92. Let c = x - t. What is the remainder when c is divided by 22?
20
Let x(v) = -v**2 + 7*v + 10. Suppose 5*u + 24 - 254 = 0. What is the remainder when u is divided by x(6)?
14
Let x(a) = 2*a**2 - 14*a + 16. What is the remainder when x(10) is divided by 20?
16
Let r be 6/3 - (-1 - 1). Let p(w) = 13*w - 1. Let v be p(r). Let s = v + -2. What is the remainder when s is divided by 17?
15
Suppose 13*v - 8*v + 105 = 0. Let z = v + 29. Calculate the remainder when z is divided by 3.
2
Suppose 5*z - 4*g = 47, 0 = 2*z + 5*g + 4 - 3. Calculate the remainder when z is divided by 2.
1
Let i(s) = 2*s + 7. Let m = -19 + 16. Let b(p) = p**2 + 5*p - 5. Calculate the remainder when i(m) is divided by b(-6).
0
Suppose 3*u + 2*p = -48 + 143, 2*u - 54 = p. Suppose u - 8 = r. Suppose 0 = -4*i + r + 55. Calculate the remainder when i is divided by 7.
5
Let l(t) = t. What is the remainder when (-25)/(-10)*(-16)/(-5) is divided by l(3)?
2
Let n = 137 + -49. Let d = n - 26. Suppose -2*g + 55 = 3*h, 6*h + d = 2*g + 2*h. Calculate the remainder when g is divided by 15.
14
Let i(y) = -y**2 + 38*y - 87. What is the remainder when i(35) is divided by 10?
8
Suppose -n = -67 - 16. Calculate the remainder when n is divided by 21.
20
Suppose -4*o = -3*f - 2*o + 77, 5*o - 70 = -3*f. Calculate the remainder when f is divided by 14.
11
Suppose -10*s + 5*i = -5*s - 100, 55 = 3*s - 2*i. Calculate the remainder when 88 is divided by s.
13
Suppose 2*b = -5*x + 3*b + 38, 0 = 4*x - 4*b - 24. Suppose -3*m = -m + x. Let u = m + 10. What is the remainder when 11 is divided by u?
5
Let x(i) be the first derivative of -i**4/4 + 2*i**3 + 7*i**2/2 + i + 1. Let m be x(7). Suppose -19 = -4*t + m. What is the remainder when 13 is divided by t?
3
Calculate the remainder when 78 is divided by 0 - (-32)/(3 - 1).
14
Let j = -5 + 7. Suppose 5*p + 5*g - 160 = 0, g - j*g + 92 = 3*p. Suppose -6*r = -5*r - 16. Calculate the remainder when p is divided by r.
14
Let n = 15 - 16. What is the remainder when 7 is divided by (n - (3 - 3))*-3?
1
Suppose 3*i + 6 = 0, -3*i - 2*i = -2*d + 66. What is the remainder when 54 is divided by d?
26
Let j(k) = k**3 - 6*k**2 - 6*k - 2. Let i be j(7). Suppose -11 = 5*c + 3*z - z, -5*c - i = 5*z. What is the remainder wh